 and 28?
7
What is the highest common factor of 70 and 581?
7
What is the highest common factor of 108 and 378?
54
Calculate the greatest common factor of 119 and 896.
7
What is the greatest common factor of 21351 and 33?
33
Calculate the greatest common divisor of 46 and 1150.
46
What is the highest common factor of 470 and 47?
47
Calculate the greatest common divisor of 33 and 517.
11
What is the greatest common divisor of 285 and 1235?
95
What is the highest common factor of 42 and 6?
6
Calculate the highest common divisor of 90 and 11190.
30
What is the greatest common factor of 11 and 385?
11
Calculate the highest common factor of 51 and 1445.
17
Calculate the greatest common factor of 315 and 35.
35
Calculate the greatest common divisor of 16 and 48.
16
What is the highest common factor of 48 and 8172?
12
Calculate the highest common factor of 1102 and 38.
38
Calculate the greatest common factor of 81 and 573.
3
What is the greatest common factor of 8131 and 94?
47
Calculate the greatest common divisor of 3283 and 201.
67
What is the highest common factor of 136 and 1513?
17
Calculate the highest common factor of 8 and 1964.
4
Calculate the greatest common divisor of 297 and 351.
27
What is the greatest common factor of 198 and 2646?
18
Calculate the highest common divisor of 18 and 108.
18
What is the greatest common factor of 45 and 7890?
15
Calculate the highest common factor of 6 and 17.
1
Calculate the greatest common divisor of 49 and 861.
7
Calculate the greatest common factor of 5221 and 23.
23
What is the greatest common divisor of 4 and 7?
1
Calculate the greatest common divisor of 2176 and 640.
128
Calculate the greatest common divisor of 26 and 3926.
26
Calculate the highest common divisor of 46009 and 139.
139
What is the greatest common divisor of 124 and 682?
62
Calculate the highest common divisor of 125 and 10.
5
Calculate the highest common factor of 1745 and 5.
5
Calculate the greatest common divisor of 2 and 367.
1
Calculate the highest common factor of 493 and 87.
29
What is the greatest common factor of 1008 and 819?
63
Calculate the highest common factor of 1771 and 23.
23
What is the highest common divisor of 27 and 513?
27
What is the greatest common factor of 6352 and 176?
16
Calculate the greatest common factor of 156 and 663.
39
What is the highest common divisor of 36 and 981?
9
Calculate the highest common factor of 48626 and 82.
82
Calculate the highest common divisor of 13752 and 144.
72
Calculate the highest common divisor of 36 and 464.
4
Calculate the greatest common divisor of 217 and 7874.
31
Calculate the highest common factor of 21 and 189.
21
What is the highest common divisor of 14 and 371?
7
Calculate the greatest common divisor of 140 and 6790.
70
Calculate the highest common factor of 519 and 3.
3
Calculate the greatest common divisor of 24 and 186.
6
What is the greatest common factor of 90 and 540?
90
What is the greatest common divisor of 464 and 493?
29
What is the highest common factor of 5 and 1165?
5
Calculate the greatest common factor of 3341 and 13.
13
What is the highest common factor of 820 and 30?
10
What is the highest common factor of 48 and 13920?
48
What is the highest common factor of 86 and 688?
86
Calculate the highest common divisor of 319 and 11.
11
What is the greatest common factor of 60 and 220?
20
What is the highest common divisor of 1 and 227?
1
Calculate the greatest common divisor of 294 and 192.
6
What is the highest common divisor of 10908 and 6?
6
What is the greatest common divisor of 351 and 39?
39
What is the greatest common factor of 36 and 132?
12
What is the greatest common factor of 44 and 22?
22
What is the highest common divisor of 3 and 129?
3
What is the highest common factor of 34 and 119?
17
Calculate the greatest common divisor of 10 and 20.
10
Calculate the greatest common divisor of 215 and 25.
5
Calculate the greatest common factor of 289 and 34.
17
Calculate the highest common factor of 66 and 1221.
33
What is the greatest common divisor of 28 and 14392?
28
What is the greatest common factor of 870 and 150?
30
What is the greatest common divisor of 38 and 1634?
38
Calculate the highest common divisor of 76 and 114.
38
Calculate the highest common divisor of 4 and 1964.
4
What is the greatest common divisor of 72 and 120?
24
What is the greatest common factor of 13 and 143?
13
What is the highest common factor of 6 and 3954?
6
Calculate the highest common factor of 162 and 378.
54
What is the highest common divisor of 12 and 300?
12
Calculate the greatest common divisor of 1924 and 52.
52
What is the greatest common divisor of 2268 and 63?
63
What is the greatest common divisor of 9 and 9216?
9
Calculate the greatest common divisor of 3128 and 1472.
184
What is the highest common divisor of 290 and 40?
10
Calculate the highest common divisor of 261 and 9599.
29
What is the greatest common factor of 896 and 56?
56
What is the highest common divisor of 4676 and 28?
28
What is the highest common factor of 85 and 30430?
85
Calculate the greatest common factor of 704 and 44.
44
Calculate the greatest common factor of 10830 and 190.
190
Calculate the greatest common factor of 1469 and 65.
13
Calculate the greatest common divisor of 363 and 5.
1
Calculate the highest common divisor of 261 and 6873.
87
Calculate the highest common factor of 3 and 2772.
3
What is the highest common factor of 4977 and 7?
7
Calculate the highest common factor of 13 and 494.
13
What is the greatest common divisor of 2 and 2026?
2
Calculate the highest common factor of 2088 and 144.
72
Calculate the highest common factor of 138 and 6394.
46
Calculate the highest common divisor of 20378 and 46.
46
What is the greatest common factor of 119 and 272?
17
What is the highest common factor of 6 and 12?
6
What is the highest common divisor of 6169 and 31?
31
Calculate the highest common divisor of 957 and 87.
87
Calculate the greatest common factor of 45 and 807.
3
Calculate the greatest common factor of 252 and 33.
3
What is the highest common factor of 38 and 874?
38
What is the greatest common divisor of 561 and 204?
51
Calculate the greatest common divisor of 156 and 195.
39
Calculate the greatest common factor of 15 and 795.
15
What is the highest common factor of 6 and 338?
2
Calculate the greatest common divisor of 12 and 111.
3
What is the greatest common factor of 44 and 77?
11
What is the greatest common factor of 300 and 12?
12
Calculate the highest common divisor of 32 and 3176.
8
What is the greatest common divisor of 14400 and 16?
16
What is the greatest common divisor of 576 and 7808?
64
What is the highest common divisor of 11 and 2101?
11
Calculate the highest common factor of 6 and 138.
6
What is the greatest common factor of 1085 and 175?
35
Calculate the highest common divisor of 3689 and 357.
119
Calculate the greatest common divisor of 63 and 36.
9
What is the greatest common divisor of 364 and 28?
28
What is the highest common factor of 5511 and 33?
33
Calculate the greatest common divisor of 16 and 24.
8
Calculate the highest common divisor of 18 and 1458.
18
Calculate the highest common divisor of 8 and 62.
2
What is the highest common factor of 640 and 4000?
160
Calculate the highest common divisor of 30 and 160.
10
What is the greatest common factor of 364 and 280?
28
Calculate the highest common divisor of 2877 and 21.
21
What is the highest common divisor of 20 and 160?
20
What is the greatest common divisor of 8 and 25768?
8
Calculate the highest common divisor of 280 and 10.
10
What is the greatest common factor of 5887 and 77?
7
What is the highest common factor of 3233 and 53?
53
Calculate the highest common factor of 28 and 5012.
28
Calculate the highest common factor of 136 and 1496.
136
Calculate the highest common factor of 215 and 135.
5
Calculate the highest common divisor of 36 and 168.
12
What is the greatest common factor of 113 and 15707?
113
Calculate the greatest common factor of 84 and 483.
21
Calculate the greatest common factor of 1298 and 236.
118
What is the highest common factor of 6 and 1602?
6
Calculate the highest common divisor of 120 and 10.
10
Calculate the greatest common divisor of 2964 and 30.
6
Calculate the greatest 